 digit of r?
8
Let y = 98 - 39. What is the units digit of y?
9
Let b be (-4)/(-8) + (-79)/(-2). Let h = 63 - b. What is the tens digit of h?
2
Let s(a) = 2*a + 14. Let c be s(10). Let i = -11 + c. What is the units digit of i?
3
What is the tens digit of ((-5)/15)/(2/(-84))?
1
Let h(y) = -3*y - 1. Suppose -7*a - 10 = -2*a. Let t be (a - 1)/(21/14). What is the units digit of h(t)?
5
Suppose w - t - 165 = 0, 8*w - 12*w = -t - 654. What is the tens digit of w?
6
Let l(o) be the third derivative of -o**4/24 - 5*o**3/6 + o**2. Let c be l(-7). Suppose k - 5 - 11 = -3*b, -3*k + c*b = -15. What is the units digit of k?
7
Let w(j) = 11*j - 16. What is the tens digit of w(6)?
5
Let h = 4 + -2. Let p be h - (-1 + 2/(-2)). Suppose -4*s + 8 = -p. What is the units digit of s?
3
Suppose -6 - 9 = 5*l, 3*j - 2*l = 9. Let p(k) = -5 + j + k - 2*k. What is the units digit of p(-9)?
5
Let r = -13 - -18. Suppose -r = 5*v, 2*z - z - 2*v + 1 = 0. What is the units digit of 30/9 + z/9?
3
Let v = -40 - -62. What is the units digit of v?
2
Let l = 58 + -25. Let j = l - 23. What is the units digit of j?
0
Let j be ((-6)/(-9))/((-2)/3). Let s(k) = -10*k. Let v be s(j). Suppose -2*r - 3*f + 12 + 22 = 0, 5*f = v. What is the units digit of r?
4
Suppose q = 3*q - 24. What is the units digit of q?
2
Let c(n) = 2*n**2 + 5*n + 3. Let k be c(-3). Suppose k = -q + 4*q. What is the units digit of q?
2
Let m(b) = -b**3 + b**2 + 104. What is the tens digit of m(0)?
0
Let l(t) = 2*t + 5. Let d be l(5). Let k be d/4 - (-5)/20. Suppose -3*r - 2*i + 6 = 0, 4*i = -k*r - 3 + 11. What is the units digit of r?
2
Let x(b) = 2*b - 15. Let d be x(11). Suppose -l + 3*c = -3, 3*l - c + d = -0*c. What is the units digit of 8 - 0 - l/(-1)?
5
Let g = -1 - -1. Suppose g = -3*n + 3*q + 42, 5*n + 3*q - 43 = 35. Suppose 2*i + 3*i = n. What is the units digit of i?
3
Let o(q) = -21*q + 40. Let w(r) = -4*r + 8. Let i(u) = 2*o(u) - 11*w(u). What is the tens digit of i(9)?
1
What is the units digit of (-1)/((-1)/28) + -3?
5
Suppose -5*b - 5*q = 45, -q - 3*q + 12 = 0. What is the tens digit of (-129)/b + (-1)/(-4)?
1
Suppose -2*m = 2*m - 152. Let s = m + -26. What is the units digit of s?
2
Let k = -19 - -85. What is the units digit of k?
6
What is the units digit of (48/(-15))/((-9)/(-10) + -1)?
2
Let f(s) be the first derivative of 7*s**3/3 + s**2/2 + s - 3. What is the units digit of f(-2)?
7
Let c(h) = -h**3 + 7*h**2 + 11*h - 11. What is the units digit of c(8)?
3
Let o = 23 - -59. Suppose -2*j - j - 129 = -3*y, 2*y - j - o = 0. Suppose -4*i + y - 3 = 0. What is the units digit of i?
9
Let q(a) = a**3 + 4*a**2 - 5*a. Let d be q(-4). Let x = d + -13. What is the units digit of x?
7
Suppose 329 = 3*c - 112. What is the tens digit of c?
4
Suppose -4*u - 3*s + 12 = -7, u + 5*s - 9 = 0. Suppose -u*o + 3*v = -0*o - 17, -2*o = 4*v - 36. What is the units digit of o?
8
Let b = -8 + -5. Let n(q) = -q - 6. Let u be n(-7). What is the units digit of 0 - b - (u + -2)?
4
Let o(q) = 5*q + 6. What is the tens digit of o(7)?
4
Suppose -6*d + 3*d + 2*z + 153 = 0, -2*d - 2*z = -102. What is the units digit of d?
1
Let h(g) = -g**2 + 10*g + 5. Let t be h(10). Suppose 2*k + 15 = t*v, 4*v - 5 = -0*k + 3*k. What is the units digit of k?
5
What is the tens digit of 70/(-14)*(-31)/5?
3
Suppose -6*h + 2*l + 214 = -2*h, -2*l = -5*h + 266. What is the units digit of h?
2
Suppose -2*k + 60 = -0*k. Let r be 4/(-14) - k/(-7). Suppose -13 = -r*y + 15. What is the units digit of y?
7
Let c = 132 + -93. What is the units digit of c?
9
Let m = -11 - 46. Let y = m - -87. What is the tens digit of y?
3
Let p be (-1 - -67)/(4/2). What is the units digit of p/9*3*1?
1
Let c = 19 - 11. Suppose -5*r = -c*r + 24. What is the units digit of r?
8
Let d(o) = -3*o**2 + 4*o + 3. Let l(t) = 4*t**2 - 4*t - 3. Let y(s) = -3*d(s) - 2*l(s). What is the units digit of y(-2)?
9
Let s(h) = -h**3 - 7*h**2 + h + 9. Suppose -2*i + 2*u - 16 = 0, 7*i - 2*i = -2*u - 33. Let r be s(i). Let n = 3 - r. What is the units digit of n?
1
Let o(d) = -36*d. Let n be ((-2)/6)/(8/24). What is the tens digit of o(n)?
3
Let v(b) = 45*b**2 - 3*b - 3. What is the tens digit of v(-1)?
4
Let y(x) be the third derivative of 13*x**4/24 + x**3/3 - x**2. Let n be y(-2). What is the units digit of (-3)/(n/10)*12?
5
Suppose 5*p + 4*v - 181 = 0, -2*v - 82 = -2*p - 6*v. Let t = p - 6. What is the units digit of t?
7
What is the hundreds digit of (-5)/3*(-4 - 119)?
2
Let y(n) = n**3 - 5*n**2 + 3. Let z be y(5). Suppose z*p + 9 = -d + 101, d - 2 = 0. What is the units digit of ((-1)/2)/((-5)/p)?
3
Suppose 3*k + m = 7*k - 109, -5*k + 2*m + 140 = 0. Let o = k - 18. What is the units digit of o?
8
Let h(d) = d**3 - d + 2. Let w be h(0). Suppose 0 = -l + 3 - w. What is the units digit of l?
1
What is the units digit of (-142)/(-2)*(-4 + (-40)/(-8))?
1
Let p be 2/(-4) + (-9)/2. Let c(x) = x**2 + 8*x + 5. Let m(q) = -2*q**2 - 16*q - 10. Let y(d) = -7*c(d) - 3*m(d). What is the units digit of y(p)?
0
Let s(q) = -2*q**3 + 13*q**2 + 16*q - 13. Let i(r) = r**3 - 6*r**2 - 8*r + 6. Let x(t) = 5*i(t) + 2*s(t). Let c be x(6). What is the units digit of c*2/4*1?
4
What is the units digit of (-4)/6 - 1190/(-21)?
6
Let i(s) = -2*s. What is the tens digit of i(-5)?
1
Let k be 48/27 - (-4)/18. Suppose 0 = 4*x - k - 22. What is the units digit of x?
6
Suppose 5*q + 95 - 370 = 0. What is the tens digit of q?
5
Suppose -3*k = 2*k - 5*q - 75, 0 = -4*k + 2*q + 70. Suppose k = n + 4*n. Suppose -n*u - 7 = -39. What is the units digit of u?
8
Let q(y) = -2*y - 9. Let p be q(-10). Suppose -2*m - x + p = 4*x, 48 = 3*m - 3*x. Suppose 17 = 2*a + i, -6 = -a + 3*i + m. What is the units digit of a?
0
What is the units digit of ((-21)/1)/(-2*2/28)?
7
Suppose -4*w - 4*u = -28, -7 = -2*w - u + 6*u. Let m(h) = 4*h + 4. What is the units digit of m(w)?
8
Let f be 8 + 4/(-8)*6. Let j(c) = 5*c - 4. Let g be j(3). Suppose -19 = -f*i + g. What is the units digit of i?
6
Let h = 3 - 1. What is the units digit of h?
2
Let c(s) = s**3 + 10*s**2 - 11*s + 2. Let o be c(-11). Suppose 0 = b + 2*m - 5 - 2, o*b - 4*m = 6. What is the units digit of b?
5
Let m(i) = i - 3. Let p(k) = k - 3. Let b(r) = 6*m(r) - 5*p(r). Suppose -4*h + 10 + 14 = 0. What is the units digit of b(h)?
3
Let f(l) = 2*l + 6. Let x be f(-6). Let t(d) = -d**3 - 6*d**2 - d. What is the units digit of t(x)?
6
Suppose -3*v - 3*k + 20 = 5, 22 = 4*v + 2*k. Let j(z) = -z**3 + 6*z**2 + 2*z - 5. What is the units digit of j(v)?
7
Suppose f = 3*b - 3, 5*b = -0*b + f + 5. Suppose w - 2*h = -b, 0*w + 3*w - 7 = h. Suppose -w*r - 24 = -0*d - d, -5*r - 7 = 2*d. What is the units digit of d?
9
Let k(v) = -v**2 - 8*v + 12. Let s = 15 + -24. What is the units digit of k(s)?
3
Let b(p) be the first derivative of -p**3/3 + 11*p**2/2 - 3*p + 3. What is the units digit of b(10)?
7
Let t(r) = -r + 13. Let a(j) = j**3 + 6*j**2 - 7*j - 6. Let o be a(-7). Let d = 12 + o. What is the units digit of t(d)?
7
Let u be (-3)/15 + (-1)/(-5). Suppose u*c = c - 3. Let a = 9 - c. What is the units digit of a?
6
Suppose -3*r - 205 = -4*c, 4*c + 5*r - 184 = r. Suppose -21 - c = -5*v. Let o = -4 + v. What is the tens digit of o?
1
Let l = -2 + 5. Let f(p) = -11 + 1 + l - 4*p. What is the tens digit of f(-6)?
1
Let l = -1 - -2. Suppose l = i - 5. Suppose i = 3*r - 5*k - 7, 5*r = 2*k + 47. What is the tens digit of r?
1
Let d be (0 + -2)/((-5)/20). What is the units digit of ((-1)/(-2))/(d/64)?
4
Let u(y) = 2*y - 4*y - 4*y. What is the units digit of u(-1)?
6
Let d = 34 + -15. Suppose -h - d = -2*h. What is the tens digit of h?
1
Let d(s) = -s**3 + 5*s**2 - 4*s + 6. Let x(a) = -a**3 + 2*a**2 + 5*a - 2. Let q be x(3). Suppose -3*j = -2*j - q. What is the units digit of d(j)?
6
Suppose i = 3*q - 8, -4*i + 0*q - 18 = 2*q. Let u(r) = -4*r - 5. Let b be u(i). Suppose -2*z + b = z. What is the units digit of z?
5
Let k(u) = 8*u. Let l be k(1). Let b = l + -10. Let x = 12 - b. What is the tens digit of x?
1
Let m be -3*(-3)/(2 + -3). Let h(q) = -q + 2. What is the tens digit of h(m)?
1
What is the units digit of (-2 + -107)/(2 - 3)?
9
Suppose -b - 4*b + 175 = 0. What is the tens digit of b?
3
Let z = 142 - 101. What is the tens digit of z?
4
Suppose -32 - 43 = -5*m - 5*o, 4*m = o + 55. What is the units di